) = -c**3 + 5*c**2 - 4*c - 1. Determine j(4).
-1
Let t(v) = -v**3 + 15*v**2 + 16*v + 19. What is t(16)?
19
Let c(l) = -12*l - 41. What is c(-5)?
19
Let f(j) = -14*j - 26. Determine f(-2).
2
Let o(p) = -8*p - 30. Determine o(-5).
10
Let d(q) = -q**3 + 10*q**2 - 12*q + 19. Determine d(9).
-8
Let t(s) = 2*s - 7. Give t(-13).
-33
Let i(z) = -2*z**3 + 43*z**2 - 22*z - 11. What is i(21)?
-32
Let x(f) = f**2 - 13*f + 30. Calculate x(6).
-12
Let k(c) = c**3 - 4*c**2 - 1. Determine k(3).
-10
Let i(f) = -f**3 - f**2 + 3*f + 47. Determine i(0).
47
Let d(h) = h**3 + 6*h**2 - 14*h + 8. Determine d(-8).
-8
Let w(v) = -v + 9. Give w(-4).
13
Let t(l) = 4*l + 6. Calculate t(0).
6
Let a(n) = -2*n**2 + 19*n - 43. Give a(5).
2
Let a(g) = -g + 12. What is a(6)?
6
Let h(a) = -8*a + 28. What is h(5)?
-12
Let w(h) = -3*h**2 + h + 5. Determine w(-5).
-75
Let x(j) = j**3 + 3*j**2 - 17*j + 10. What is x(-6)?
4
Let b(m) = -6*m. Determine b(3).
-18
Let y(u) = -u**3 + u**2 - 2*u + 5. Determine y(0).
5
Let s(f) = f**2 - 17*f + 3. Give s(5).
-57
Let o(h) = h**3 - 17*h**2 + 16*h - 9. Determine o(16).
-9
Let o(w) = -w**2 + 6*w + 9. Calculate o(7).
2
Let k(o) = -o**3 + 11*o**2 + 13*o - 13. Give k(12).
-1
Let f(u) = 2*u**2 - 12*u + 8. Give f(6).
8
Let h(n) = -4*n**2 + 1. Calculate h(-1).
-3
Let f(j) = j**2 + 7*j + 3. Give f(-7).
3
Let i(t) = -t**2 + 9*t + 31. Give i(9).
31
Let r(h) = h**3 + 3*h**2 - h - 1. Give r(-4).
-13
Let t(p) = -2*p**2 + 35*p - 41. What is t(16)?
7
Let q(o) = 16*o + 358. Calculate q(-22).
6
Let n(q) = q**2 + 6*q - 4. Determine n(-6).
-4
Let b(m) = m**3 - 4*m**2 + 2*m - 5. Calculate b(3).
-8
Let u(m) = -2*m**2 - 3*m + 21. Determine u(-4).
1
Let c(t) = 4*t**2 + 5*t - 7. Give c(3).
44
Let k(f) = -2*f - 32. Determine k(-19).
6
Let w(u) = u**2 + 5*u - 14. Give w(-8).
10
Let m(r) = -4*r + 97. Determine m(22).
9
Let c(s) = -s**3 - 7*s**2 + 4*s + 7. Calculate c(-5).
-63
Let h(q) = -q**3 + 10*q**2 - 10*q - 11. Determine h(8).
37
Let y(j) = -67*j**2 - j + 1. Give y(1).
-67
Let d(i) = -12*i - 99. Give d(-10).
21
Let h(z) = z**2 - 3*z + 1. Give h(2).
-1
Let f(j) = -j**3 + 15*j**2 + 16*j + 7. Give f(16).
7
Let w(d) = 5*d - 29. Determine w(4).
-9
Let i(j) = 2*j - 43. What is i(6)?
-31
Let u(y) = -28*y**3 + y**2 + 3*y - 4. Calculate u(1).
-28
Let x(g) = -16*g + 4. What is x(-1)?
20
Let c(o) = -15*o + 112. Determine c(7).
7
Let y(w) = -16*w + 361. What is y(23)?
-7
Let m(y) = y**3 - 5*y - 5. Give m(3).
7
Let c(s) = 6*s**2 + 6*s - 13. Give c(-4).
59
Let i(y) = -y**2 + 4*y - 3. Determine i(7).
-24
Let r(l) = -l**3 + 6*l**2 + 16*l - 16. Give r(8).
-16
Let t(z) = 3*z**2. What is t(1)?
3
Let n(x) = -x**3 + 13*x**2 - 11*x + 1. Determine n(12).
13
Let a(n) = -2*n**2 - n - 3. Calculate a(-4).
-31
Let d(s) = -8*s**2 - 54*s - 32. Determine d(-6).
4
Let b(h) = -13*h**3 - 8*h**2 - 8*h - 1. Calculate b(-1).
12
Let m(w) = w**2 - 3*w - 13. Determine m(5).
-3
Let i(w) = -5*w + 90. Determine i(20).
-10
Let n(d) = 2*d**3 + d**2 + d - 6. Determine n(3).
60
Let m(t) = t + 3. Determine m(-4).
-1
Let b(o) = -34*o + 23. Give b(0).
23
Let f(k) = k**2 - 20*k + 96. Determine f(12).
0
Let t(q) = -2*q**3 + q**2 - q + 4. What is t(0)?
4
Let l(q) = -10*q**2 - 3*q + 4. Determine l(1).
-9
Let n(d) = -d**2 + 5. Calculate n(-3).
-4
Let c(s) = 9*s**2 - 298*s + 38. Determine c(33).
5
Let r(u) = -u + 2. What is r(4)?
-2
Let l(n) = -n**3 - 5*n**2 - 2*n - 3. Calculate l(-5).
7
Let i(j) = j - 73. Calculate i(-27).
-100
Let k(c) = c**3 - 2*c**2 + 4*c. What is k(4)?
48
Let z(m) = 15*m - 111. Give z(7).
-6
Let s(v) = -v**2 - 10*v + 88. Give s(6).
-8
Let w(o) = -o**3 + 9*o**2 + 2*o - 6. Calculate w(9).
12
Let b(t) = -t**3 + 11*t**2 - 11*t - 4. Determine b(10).
-14
Let z(n) = -n + 8. Calculate z(7).
1
Let g(k) = -k**2 + 2*k + 8. Give g(5).
-7
Let s(l) = -2*l**3 + 5*l**2 - 2*l - 3. Give s(4).
-59
Let t(s) = 19*s + 16. Give t(8).
168
Let p(y) = -y**3 - 15*y**2 + 14*y - 31. Calculate p(-16).
1
Let q(x) = -x**3 + 7*x**2 - 9*x - 3. Calculate q(5).
2
Let f(o) = 5*o + 2. Calculate f(-4).
-18
Let b(r) = r - 3. Calculate b(3).
0
Let x(a) = -2*a + 47. Give x(-6).
59
Let c(q) = 101*q + 195. Determine c(-2).
-7
Let w(x) = x**3 + 10*x**2 + 15*x + 17. Calculate w(-9).
-37
Let f(c) = -c**3 + 21*c**2 + 23*c - 1. Determine f(22).
21
Let s(x) = -x**2 - 12*x - 30. Determine s(-6).
6
Let h(y) = -28*y - 767. What is h(-27)?
-11
Let m(a) = -6*a - 16. Determine m(-7).
26
Let z(k) = -k**3 + 6*k**2 + k + 5. Give z(6).
11
Let y(w) = -10*w - 303. Determine y(-30).
-3
Let t(z) = -z**2 - 5*z + 115. What is t(-11)?
49
Let k(l) = -l**3 + 66*l**2 - 66*l + 71. Determine k(65).
6
Let x(a) = -a - 10. Give x(-13).
3
Let y(i) = -i**3 - 3*i**2 - i + 4. Give y(-3).
7
Let c(h) = -h**3 - 24*h**2 + 81*h - 37. Calculate c(-27).
-37
Let d(c) = -16*c**2 - 2*c - 3. Calculate d(-1).
-17
Let c(m) = -2*m - 3. Calculate c(2).
-7
Let f(v) = v**3 - v**2 - 38. What is f(0)?
-38
Let c(a) = 17*a**2 - 6*a + 3. What is c(-2)?
83
Let s(t) = t**2 + 8*t - 29. What is s(-10)?
-9
Let c(j) = 2*j**3 - 63*j**2 + 30*j + 28. Calculate c(31).
-3
Let v(y) = y**3 - 5*y**2 - 4*y + 7. Calculate v(6).
19
Let a(w) = w**3 - w**2 - w + 23. Determine a(0).
23
Let p(h) = -h + 9. Determine p(8).
1
Let v(i) = -i**3 + 9*i**2 - i + 21. Calculate v(9).
12
Let k(f) = -f + 21. Give k(6).
15
Let u(z) = 10*z - 14. Give u(0).
-14
Let a(f) = -f**3 + 3*f**2 + 26*f + 32. Give a(-3).
8
Let l(b) = -22*b - 119. What is l(-10)?
101
Let g(i) = -i**2 - 13. What is g(-3)?
-22
Let p(h) = -13*h. Give p(-2).
26
Let f(y) = -y**3 - 10*y**2 + 8*y - 21. What is f(-11)?
12
Let r(u) = u**3 + 2*u**2 - u + 3. What is r(-3)?
-3
Let n(v) = -v - 27. Calculate n(-18).
-9
Let g(b) = -2*b**2 - 14*b - 13. Give g(-7).
-13
Let x(y) = y**3 + y**2 - 8*y - 11. What is x(-3)?
-5
Let m(u) = 2*u + 5. What is m(5)?
15
Let y(l) = 5*l - 6. Calculate y(-8).
-46
Let a(w) = 2*w**2 + 9*w - 3. Give a(-5).
2
Let s(u) = u**3 + 12*u**2 - 3*u + 15. Calculate s(-12).
51
Let k(t) = -t**2 - 6*t + 69. Determine k(13).
-178
Let b(x) = 5*x + 98. Give b(-19).
3
Let k(j) = -75*j + 391. Give k(5).
16
Let x(i) = -i**2 + 17*i - 21. Give x(16).
-5
Let c(u) = u**3 + 3*u**2 - 38*u + 10. What is c(-8)?
-6
Let n(g) = -g + 11. Give n(-7).
18
Let i(o) = o**3 + 21*o**2 - 19*o + 58. What is i(-22)?
-8
Let h(j) = j - 10. Calculate h(-24).
-34
Let x(g) = -g**3 - 2*g**2 + 4*g + 3. Calculate x(-3).
0
Let f(o) = -o**3 - 23*o**2 + 12. What is f(-23)?
12
Let j(m) = 114*m + 689. Determine j(-6).
5
Let j(m) = -m**3 + 13*m**2 - 35*m - 5. Give j(9).
4
Let x(m) = -m**2 - 14*m - 9. Give x(-10).
31
Let i(n) = -4*n**2 + 8*n - 5. Determine i(2).
-5
Let s(w) = -w**2 - 6*w + 62. Give s(6).
-10
Let i(a) = -2*a**2 - 35*a + 25. Give i(-18).
7
Let r(t) = 19*t + 85. Determine r(-4).
9
Let d(m) = -24*m**3 - m**2 + 2*m. Calculate d(1).
-23
Let n(l) = -10*l + 111. Determine n(11).
1
Let y(r) = 6*r**2 + 77*r - 1. Give y(-13).
12
Let z(x) = x**2 + 18*x - 34. Give z(-19).
-15
Let m(p) = 4*p**2 + 3*p + 3. Calculate m(-4).
55
Let k(m) = -m**3 - 9*m**2 + 4*m - 6. Give k(-9).
-42
Let x(n) = n - 18. What is x(11)?
-7
Let t(b) = -b**2 + 20*b - 21. Determine t(14).
63
Let v(l) = -l**2 + 12*l + 41. Calculate v(15).
-4
Let r(y) = -y**3 - 19*y**2 - 47*y + 9. Determine r(-16).
-7
Let v(a) = -8*a - 27. Give v(-6).
21
Let p(z) = z**2 - 19*z + 23. Determine p(17).
-11
Let a(q) = 29*q**2 + q. Calculate a(1).
30
Let w(j) = -j**3 - 9*j**2 - 4*j + 10. Calculate w(-8).
-22
Let y(q) = 2*q**3 + 9*q**2 - 8*q - 27. Give y(-5).
-12
Let c(o) = -o**3 + 4*o**2 + 3*o. Give c(-3).
54
Let l(i) = -i**3 + 8*i**2 - i - 2. Give l(6).
64
Let z(s) = 90*s**3 - s**2 + 3*s - 2. Give z(1).
90
Let y(z) = -9*z - 2. What is y(1)?
-11
Let a(j) = -j**3 + j**2 + 5. Give a(0).
5
Let t(o) = 135*o + 1751. Determine t(-13).
-4
Let h(i) = -i**2 + 16*i - 1. Give h(12).
47
Let z(d) = -d**3 - 12*d**2 - 5*d + 10. Calculate z(-11).
-56
Let c(a) = 6*a - 34. Give c(-2).
-46
Let y(v) = v**3 - 13*v**2 + 27*v - 24. Give y(10).
-54
Let m(n) = -n**3 + 12*n**2 - 6*n + 62. Give m(12).
-10
Let c(q) = -q**2 - 6*q + 11. What is c(-9)?
-16
Let f(g) = -8*g. Calculate f(-2).
16
Let c(d) = d**2 - 20*d - 246. What is c(30)?
54
Let g(h) = -h**3 + 3*h**2 + 8*h + 14. Calculate g(6).
-46
Let x(z) = -z**2 + 7*z + 13. Determine x(-6).
-65
Let v(x) = x**3 + 2*x**2 - 4*x -